{"id":94,"date":"2023-01-11T19:47:17","date_gmt":"2023-01-11T18:47:17","guid":{"rendered":"https:\/\/fournif.cluster029.hosting.ovh.net\/?page_id=94"},"modified":"2023-11-26T14:19:33","modified_gmt":"2023-11-26T13:19:33","slug":"decouvrir-le-fournil","status":"publish","type":"page","link":"https:\/\/fournil-festinalente.fr\/index.php\/decouvrir-le-fournil\/","title":{"rendered":"D\u00e9couvrir le fournil"},"content":{"rendered":"\r\n<p>Bienvenue dans mon fournil !<\/p>\r\n<p>Voici quelques photos pour vous pr\u00e9senter l&#8217;univers de mon quotidien. C&#8217;est l&#8217;ancien fournil de la maison vieille de la Tournarie, que j&#8217;ai r\u00e9nov\u00e9. Au fond de la pi\u00e8ce, est pr\u00e9sent le vieux four en pierre de schiste. Apr\u00e8s r\u00e9paration de sa sole et quelques test (malheureusement non concluant), je me suis r\u00e9solu \u00e0 l&#8217;abandonner au profit d&#8217;un four \u00e0 bois plus moderne, que j&#8217;ai b\u00e2ti \u00e0 proximit\u00e9.<\/p>\r\n<p><img loading=\"lazy\" decoding=\"async\" src=\"https:\/\/fournil-festinalente.fr\/wp-content\/uploads\/2023\/01\/fournil2.jpg\" alt=\"fournil2\" itemprop=\"image\" height=\"332\" width=\"500\" title=\"fournil2\" onerror=\"this.style.display='none'\" \/> <img loading=\"lazy\" decoding=\"async\" src=\"https:\/\/fournil-festinalente.fr\/wp-content\/uploads\/2023\/01\/fournil10-1.jpg\" alt=\"fournil10\" itemprop=\"image\" height=\"332\" width=\"220\" title=\"fournil10\" onerror=\"this.style.display='none'\" \/> <img loading=\"lazy\" decoding=\"async\" src=\"https:\/\/fournil-festinalente.fr\/wp-content\/uploads\/2023\/01\/fournil6.jpg\" alt=\"fournil6\" itemprop=\"image\" height=\"332\" width=\"500\" title=\"fournil6\" onerror=\"this.style.display='none'\" \/> <img loading=\"lazy\" decoding=\"async\" src=\"https:\/\/fournil-festinalente.fr\/wp-content\/uploads\/2023\/01\/fournil5.jpg\" alt=\"fournil5\" itemprop=\"image\" height=\"332\" width=\"500\" title=\"fournil5\" onerror=\"this.style.display='none'\" \/> <img loading=\"lazy\" decoding=\"async\" src=\"https:\/\/fournil-festinalente.fr\/wp-content\/uploads\/2023\/01\/fournil8.jpg\" alt=\"fournil8\" itemprop=\"image\" height=\"332\" width=\"500\" title=\"fournil8\" onerror=\"this.style.display='none'\" \/> <img loading=\"lazy\" decoding=\"async\" src=\"https:\/\/fournil-festinalente.fr\/wp-content\/uploads\/2023\/01\/fournil9.jpg\" alt=\"fournil9\" itemprop=\"image\" height=\"332\" width=\"500\" title=\"fournil9\" onerror=\"this.style.display='none'\" \/> <img loading=\"lazy\" decoding=\"async\" src=\"https:\/\/fournil-festinalente.fr\/wp-content\/uploads\/2023\/01\/fournil4.jpg\" alt=\"fournil4\" itemprop=\"image\" height=\"332\" width=\"500\" title=\"fournil4\" onerror=\"this.style.display='none'\" \/><\/p>\r\n","protected":false},"excerpt":{"rendered":"<p>Bienvenue dans mon fournil ! Voici quelques photos pour vous pr\u00e9senter l&#8217;univers de mon quotidien. C&#8217;est l&#8217;ancien fournil de la maison vieille de la Tournarie, que j&#8217;ai r\u00e9nov\u00e9. Au fond de la pi\u00e8ce, est pr\u00e9sent le vieux four en pierre de schiste. Apr\u00e8s r\u00e9paration de sa sole et quelques test [&hellip;]<\/p>\n","protected":false},"author":1,"featured_media":501,"parent":0,"menu_order":0,"comment_status":"closed","ping_status":"closed","template":"","meta":{"_themeisle_gutenberg_block_has_review":false,"footnotes":""},"class_list":["post-94","page","type-page","status-publish","has-post-thumbnail","hentry"],"_links":{"self":[{"href":"https:\/\/fournil-festinalente.fr\/index.php\/wp-json\/wp\/v2\/pages\/94","targetHints":{"allow":["GET"]}}],"collection":[{"href":"https:\/\/fournil-festinalente.fr\/index.php\/wp-json\/wp\/v2\/pages"}],"about":[{"href":"https:\/\/fournil-festinalente.fr\/index.php\/wp-json\/wp\/v2\/types\/page"}],"author":[{"embeddable":true,"href":"https:\/\/fournil-festinalente.fr\/index.php\/wp-json\/wp\/v2\/users\/1"}],"replies":[{"embeddable":true,"href":"https:\/\/fournil-festinalente.fr\/index.php\/wp-json\/wp\/v2\/comments?post=94"}],"version-history":[{"count":23,"href":"https:\/\/fournil-festinalente.fr\/index.php\/wp-json\/wp\/v2\/pages\/94\/revisions"}],"predecessor-version":[{"id":581,"href":"https:\/\/fournil-festinalente.fr\/index.php\/wp-json\/wp\/v2\/pages\/94\/revisions\/581"}],"wp:featuredmedia":[{"embeddable":true,"href":"https:\/\/fournil-festinalente.fr\/index.php\/wp-json\/wp\/v2\/media\/501"}],"wp:attachment":[{"href":"https:\/\/fournil-festinalente.fr\/index.php\/wp-json\/wp\/v2\/media?parent=94"}],"curies":[{"name":"wp","href":"https:\/\/api.w.org\/{rel}","templated":true}]}}