{"id":285,"date":"2023-01-17T23:24:14","date_gmt":"2023-01-17T22:24:14","guid":{"rendered":"https:\/\/fournil-festinalente.fr\/?page_id=285"},"modified":"2023-11-27T00:47:57","modified_gmt":"2023-11-26T23:47:57","slug":"points-vente","status":"publish","type":"page","link":"https:\/\/fournil-festinalente.fr\/index.php\/points-vente\/","title":{"rendered":"Les points de vente"},"content":{"rendered":"<blockquote>\n<p align=\"JUSTIFY\"><strong>Les points de vente du Fournil Festina lente :<\/strong><\/p>\n<\/blockquote>\n<ul>\n<li align=\"JUSTIFY\">Le mardi de 16h30 \u00e0 19h00 \u00e0 la salle municipale de Salan (place de l&#8217;\u00e9glise)<\/li>\n<li>Le vendredi de 16h30 \u00e0 19h00 \u00e0 la salle des associations \u00e0 Quins (\u00e0 cot\u00e9 du Quinsois)<\/li>\n<\/ul>\n<blockquote><p><strong>sur les march\u00e9s :<br \/>\n<\/strong><\/p><\/blockquote>\n<ul>\n<li align=\"JUSTIFY\">Le dimanche matin sur le march\u00e9 de La Primaube (place de l&#8217;\u00e9toile).<\/li>\n<li align=\"JUSTIFY\">le vendredi matin sur le march\u00e9 de Carmaux (place Jean Jaur\u00e8s)<\/li>\n<\/ul>\n<blockquote><p><strong>sur les foires :<\/strong><\/p><\/blockquote>\n<ul>\n<li>Le deuxi\u00e8me mercredi de chaque mois \u00e0 la foire de Baraqueville<\/li>\n<li>Le deuxi\u00e8me jeudi mercredi de chaque mois \u00e0 la foire de R\u00e9quista<\/li>\n<li>Le troisi\u00e8me mercredi de chaque mois \u00e0 la foire de Rieupeyroux<\/li>\n<li>Le dernier mercredi de chaque mois \u00e0 la foire de Naucelle<\/li>\n<\/ul>\n","protected":false},"excerpt":{"rendered":"<p>Les points de vente du Fournil Festina lente : Le mardi de 16h30 \u00e0 19h00 \u00e0 la salle municipale de Salan (place de l&#8217;\u00e9glise) Le vendredi de 16h30 \u00e0 19h00 \u00e0 la salle des associations \u00e0 Quins (\u00e0 cot\u00e9 du Quinsois) sur les march\u00e9s : Le dimanche matin sur le [&hellip;]<\/p>\n","protected":false},"author":1,"featured_media":382,"parent":0,"menu_order":0,"comment_status":"closed","ping_status":"closed","template":"","meta":{"_themeisle_gutenberg_block_has_review":false,"footnotes":""},"class_list":["post-285","page","type-page","status-publish","has-post-thumbnail","hentry"],"_links":{"self":[{"href":"https:\/\/fournil-festinalente.fr\/index.php\/wp-json\/wp\/v2\/pages\/285","targetHints":{"allow":["GET"]}}],"collection":[{"href":"https:\/\/fournil-festinalente.fr\/index.php\/wp-json\/wp\/v2\/pages"}],"about":[{"href":"https:\/\/fournil-festinalente.fr\/index.php\/wp-json\/wp\/v2\/types\/page"}],"author":[{"embeddable":true,"href":"https:\/\/fournil-festinalente.fr\/index.php\/wp-json\/wp\/v2\/users\/1"}],"replies":[{"embeddable":true,"href":"https:\/\/fournil-festinalente.fr\/index.php\/wp-json\/wp\/v2\/comments?post=285"}],"version-history":[{"count":13,"href":"https:\/\/fournil-festinalente.fr\/index.php\/wp-json\/wp\/v2\/pages\/285\/revisions"}],"predecessor-version":[{"id":651,"href":"https:\/\/fournil-festinalente.fr\/index.php\/wp-json\/wp\/v2\/pages\/285\/revisions\/651"}],"wp:featuredmedia":[{"embeddable":true,"href":"https:\/\/fournil-festinalente.fr\/index.php\/wp-json\/wp\/v2\/media\/382"}],"wp:attachment":[{"href":"https:\/\/fournil-festinalente.fr\/index.php\/wp-json\/wp\/v2\/media?parent=285"}],"curies":[{"name":"wp","href":"https:\/\/api.w.org\/{rel}","templated":true}]}}

<blockquote>
<p align="JUSTIFY"><strong>Les points de vente du Fournil Festina lente :</strong></p>
</blockquote>
<ul>
<li align="JUSTIFY">Le mardi de 16h30 à 19h00 à la salle municipale de Salan (place de l&#8217;église)</li>
<li>Le vendredi de 16h30 à 19h00 à la salle des associations à Quins (à coté du Quinsois)</li>
</ul>
<blockquote><p><strong>sur les marchés :<br />
</strong></p></blockquote>
<ul>
<li align="JUSTIFY">Le dimanche matin sur le marché de La Primaube (place de l&#8217;étoile).</li>
<li align="JUSTIFY">le vendredi matin sur le marché de Carmaux (place Jean Jaurès)</li>
</ul>
<blockquote><p><strong>sur les foires :</strong></p></blockquote>
<ul>
<li>Le deuxième mercredi de chaque mois à la foire de Baraqueville</li>
<li>Le deuxième jeudi mercredi de chaque mois à la foire de Réquista</li>
<li>Le troisième mercredi de chaque mois à la foire de Rieupeyroux</li>
<li>Le dernier mercredi de chaque mois à la foire de Naucelle</li>
</ul>

<p>Les points de vente du Fournil Festina lente : Le mardi de 16h30 à 19h00 à la salle municipale de Salan (place de l&#8217;église) Le vendredi de 16h30 à 19h00 à la salle des associations à Quins (à coté du Quinsois) sur les marchés : Le dimanche matin sur le [&hellip;]</p>
