{"id":2,"date":"2023-01-12T10:06:21","date_gmt":"2023-01-12T09:06:21","guid":{"rendered":"http:\/\/fournil-festinalente.fr\/?page_id=2"},"modified":"2023-01-27T00:43:17","modified_gmt":"2023-01-26T23:43:17","slug":"page-d-exemple","status":"publish","type":"page","link":"https:\/\/fournil-festinalente.fr\/","title":{"rendered":"Accueil"},"content":{"rendered":"<blockquote>\r\n<p><strong>Le pain est n\u00e9 dans la cendre, sur la pierre, il est plus ancien que le livre et l&#8217;\u00e9criture, Ses premiers noms sont grav\u00e9s dans les tablettes d&#8217;argile, en langues mortes, Son pass\u00e9 est enseveli sous les d\u00e9combres, L&#8217;histoire du pain se partage entre les pays et les peuples, les terres et les hommes.<\/strong><\/p>\r\n<p>Extrait du livre \u00ab Le pain \u00bb de Predrag Matvejevitch \u2013 2013<\/p>\r\n<\/blockquote>\r\n\r\n\r\n","protected":false},"excerpt":{"rendered":"<p>Le pain est n\u00e9 dans la cendre, sur la pierre, il est plus ancien que le livre et l&#8217;\u00e9criture, Ses premiers noms sont grav\u00e9s dans les tablettes d&#8217;argile, en langues mortes, Son pass\u00e9 est enseveli sous les d\u00e9combres, L&#8217;histoire du pain se partage entre les pays et les peuples, les [&hellip;]<\/p>\n","protected":false},"author":1,"featured_media":175,"parent":0,"menu_order":0,"comment_status":"closed","ping_status":"open","template":"","meta":{"_themeisle_gutenberg_block_has_review":false,"footnotes":""},"class_list":["post-2","page","type-page","status-publish","has-post-thumbnail","hentry"],"_links":{"self":[{"href":"https:\/\/fournil-festinalente.fr\/index.php\/wp-json\/wp\/v2\/pages\/2","targetHints":{"allow":["GET"]}}],"collection":[{"href":"https:\/\/fournil-festinalente.fr\/index.php\/wp-json\/wp\/v2\/pages"}],"about":[{"href":"https:\/\/fournil-festinalente.fr\/index.php\/wp-json\/wp\/v2\/types\/page"}],"author":[{"embeddable":true,"href":"https:\/\/fournil-festinalente.fr\/index.php\/wp-json\/wp\/v2\/users\/1"}],"replies":[{"embeddable":true,"href":"https:\/\/fournil-festinalente.fr\/index.php\/wp-json\/wp\/v2\/comments?post=2"}],"version-history":[{"count":14,"href":"https:\/\/fournil-festinalente.fr\/index.php\/wp-json\/wp\/v2\/pages\/2\/revisions"}],"predecessor-version":[{"id":500,"href":"https:\/\/fournil-festinalente.fr\/index.php\/wp-json\/wp\/v2\/pages\/2\/revisions\/500"}],"wp:featuredmedia":[{"embeddable":true,"href":"https:\/\/fournil-festinalente.fr\/index.php\/wp-json\/wp\/v2\/media\/175"}],"wp:attachment":[{"href":"https:\/\/fournil-festinalente.fr\/index.php\/wp-json\/wp\/v2\/media?parent=2"}],"curies":[{"name":"wp","href":"https:\/\/api.w.org\/{rel}","templated":true}]}}

<blockquote>
<p><strong>Le pain est né dans la cendre, sur la pierre, il est plus ancien que le livre et l&#8217;écriture, Ses premiers noms sont gravés dans les tablettes d&#8217;argile, en langues mortes, Son passé est enseveli sous les décombres, L&#8217;histoire du pain se partage entre les pays et les peuples, les terres et les hommes.</strong></p>
<p>Extrait du livre « Le pain » de Predrag Matvejevitch – 2013</p>
</blockquote>

<p>Le pain est né dans la cendre, sur la pierre, il est plus ancien que le livre et l&#8217;écriture, Ses premiers noms sont gravés dans les tablettes d&#8217;argile, en langues mortes, Son passé est enseveli sous les décombres, L&#8217;histoire du pain se partage entre les pays et les peuples, les [&hellip;]</p>
